 factors of y.
59
Suppose -3*v - f = 2*f - 27, 2*f - 6 = 0. Let x be (-16)/(-2)*9/v. What are the prime factors of (-8)/(-1)*54/x?
2, 3
Let y(k) = -4*k**2 + k**2 + 2 + 2*k**2 + 3*k. Suppose -4*r = r - 15. What are the prime factors of y(r)?
2
List the prime factors of ((-2)/(-3))/(-10 - (-88096)/8808).
367
Let y be -1 - ((3 - 0) + -8 + 6). List the prime factors of (260/(-25))/((-2)/(-30)*y).
2, 3, 13
Let h(d) = 7*d - 24. Let j be h(17). Suppose -b + 0*i + j = 4*i, 0 = -4*i + 16. List the prime factors of b.
79
Let v(y) = y**2 - 11*y - 7. Let j(r) = -r**2 + 12*r + 7. Let x(w) = -4*j(w) - 5*v(w). Let b be x(6). Let s = b - 8. What are the prime factors of s?
5
Suppose -2*o + 4*x + 0*x + 42 = 0, -3*o + 48 = -3*x. List the prime factors of o.
11
Let h be -3*138/(-4)*(-128)/(-72). Suppose 3*k + h - 535 = 0. What are the prime factors of k?
3, 13
Suppose 3 = u + 1. Let s(k) = 0 + 18*k + 3*k + 2 - 4. What are the prime factors of s(u)?
2, 5
Let l(g) = -2*g + 1. Let p be l(-2). Suppose 0 = p*w - 3 - 67. Let y = w - 10. List the prime factors of y.
2
Suppose 5*d + 621 = 6*d + 4*w, -3*w - 3 = 0. List the prime factors of d.
5
List the prime factors of (2/(-4))/((-4)/144).
2, 3
Let y(n) = -2*n**3 + 58*n**2 + 42*n - 175. What are the prime factors of y(28)?
7, 367
Let w = 601 - 341. List the prime factors of w.
2, 5, 13
Suppose 0*m + 16 = 4*m. Suppose 3*t = l - t + 3, 5*t = 5*l - 15. Suppose 3*v - l*b - 95 = -1, 0 = v - m*b - 43. What are the prime factors of v?
23
Suppose 3*j + 670 = 5*b - 769, 3*b - 3*j - 867 = 0. What are the prime factors of b?
2, 11, 13
Let d(u) = 72*u - 501. What are the prime factors of d(45)?
3, 11, 83
Let q be -5 + 6 + (2 - 1). Suppose -6 = q*p + 4. Let u = p - -17. What are the prime factors of u?
2, 3
Let j(y) = y**2 + 11*y - 8. Let b be j(-12). Suppose -b*f + 1 = 9. Let x = f - -24. List the prime factors of x.
2, 11
Let r = -1993 + 3818. What are the prime factors of r?
5, 73
Let z = -3087 + 4825. List the prime factors of z.
2, 11, 79
List the prime factors of (16940/(-30))/(1 - 12/9).
2, 7, 11
Suppose -24*n + 144904 = 49864. What are the prime factors of n?
2, 3, 5, 11
Let u = -3 + 12. Let z be (u - 1)/4 + -3. Let b = z - -28. List the prime factors of b.
3
Let r = -108 + 645. List the prime factors of r.
3, 179
Suppose 3*a - 40 + 25 = 0. Let z be -6*2/(8/(-58)). Suppose 2*b - a*b = -z. List the prime factors of b.
29
Suppose -4*v = g - 229, 0 = g - 2*v + 42 - 271. What are the prime factors of g?
229
Let i(d) = -9*d**2 - 16*d - 3 + 22*d**2 + 29*d + 37 - d**3. List the prime factors of i(14).
2, 5
Suppose -9 + 0 = -3*y. Suppose 5*d = -3*m + 152 + 19, -y*d = -2*m - 114. Suppose 4*n = 64 + d. What are the prime factors of n?
5
Let b = -89 + 89. What are the prime factors of -2 + b - -46 - (-6 - -4)?
2, 23
Let g = 112 + -107. Suppose g*x - 19 = 151. List the prime factors of x.
2, 17
Suppose -7*m = -12*m - 4*p + 802, 0 = -4*m + 5*p + 617. List the prime factors of m.
2, 79
Suppose -2*g = -4*r + 306, -133 + 493 = 5*r + 2*g. Suppose 0*n - 2*n + r = 0. List the prime factors of n.
37
Let q(v) = 10*v**2 - 2*v. Let d be q(1). Let w(a) = -a + 1. Let p(g) = -7*g + 4. Let s(j) = -p(j) + 5*w(j). List the prime factors of s(d).
17
Suppose 0 = -19*q + 16*q + 162. Suppose 2*t - q = 16. What are the prime factors of t?
5, 7
Let u = 1 + -1. Suppose 267 = 9*l - 5*l - 3*h, 5*l - 336 = 3*h. Suppose 5*b + y - 4*y = 111, u = 3*b - y - l. What are the prime factors of b?
2, 3
Let c(f) = 1295*f - 1. List the prime factors of c(1).
2, 647
Suppose 4*f + 19 - 475 = 0. List the prime factors of f.
2, 3, 19
Let y = 9813 + -5695. What are the prime factors of y?
2, 29, 71
Suppose 2*w = -2 + 6. What are the prime factors of 122 + (4 - 2) - w?
2, 61
Let a = -22 + 25. Let z(f) = -f + 6. What are the prime factors of z(a)?
3
Let k = 5955 + -3405. What are the prime factors of k?
2, 3, 5, 17
Let b(o) = 12*o**3 + 2*o**2 + 9*o + 12. Let i(m) = -m**3 + m + 1. Let h(f) = -b(f) + 3*i(f). List the prime factors of h(-2).
5, 23
Let v(z) = -z + 2. Let b = 21 + -21. Let s be v(b). What are the prime factors of ((-100)/30)/(s/(-6))?
2, 5
Let w = -11 - -19. Let o(x) = 12*x - 27. Let z(i) = -i + 2. Let k(a) = -2*o(a) - 27*z(a). List the prime factors of k(w).
2, 3
Suppose q + 80 = -3*q. List the prime factors of (28/q + 1)*(0 + -150).
2, 3, 5
Let r be (-7)/5 - (-8)/20. Let q = 10 + r. Let b(n) = n**3 - 9*n**2 + 5*n - 13. List the prime factors of b(q).
2
Let r(h) = 12*h**2 - h - 4. Let p be r(3). Let y = -31 + p. What are the prime factors of y?
2, 5, 7
Let d(q) = -3*q + 4*q - 4*q + q**2 - 9. Let i be d(-6). Suppose -i = -2*l + 3. List the prime factors of l.
2, 3
List the prime factors of 2 + -7 + (-5895)/(-9).
2, 5, 13
Suppose -2*b + 7*b - 25 = 0. Suppose -n + 4*v = n - 4, -b*n - 42 = 3*v. What are the prime factors of (-3)/(-9) - 70/n?
2, 3
Suppose 2*r - 12 = -3*m, 4 = -2*r + 10. Suppose -184 = -3*a + a + m*h, -2*a = -3*h - 181. List the prime factors of a.
5, 19
Suppose -2*v - 8 = 18. Let g = 4 - v. Suppose -a + 4*c = g, -3*c + 13 = a - c. List the prime factors of a.
3
What are the prime factors of (31 - -1415)*(-2)/(-4)?
3, 241
Let z = 3 + -2. Let l be 23/z - -3*1. Let q = -5 + l. List the prime factors of q.
3, 7
Suppose 5*k = 5*j + 365, 0 = -2*k - 2*k + j + 292. What are the prime factors of k?
73
Let x = 46 - 67. Let y = x - -24. Suppose w - 2*k - 142 = -y*w, -2*k + 124 = 3*w. List the prime factors of w.
2, 19
Let o = -19 + 15. Let d be 25/50 + (-258)/o. What are the prime factors of (-6 - -2 - 0) + d?
61
Let h(x) = 46*x**2 + 71*x + 104. List the prime factors of h(-8).
2, 5, 31
Let x = 3958 - 988. List the prime factors of x.
2, 3, 5, 11
Let u = 1539 + -868. List the prime factors of u.
11, 61
Let a = 22 + -22. List the prime factors of (a - (-4)/(-6))*(-156)/8.
13
Let k(x) be the first derivative of 9*x**2 + 3 - 7 + 8*x**2. What are the prime factors of k(1)?
2, 17
Let w = -679 - -2213. What are the prime factors of w?
2, 13, 59
Let i(g) = -6*g - 30. Let a be i(-14). Suppose x - 39 = a. List the prime factors of x.
3, 31
Let h be (-4)/10*(-15)/(-3). Let s(r) = 7*r**2 - 1. Let j(b) = b**2. Let i(u) = j(u) + s(u). List the prime factors of i(h).
31
Let y(a) = -a**3 - 20*a**2 + 14*a - 34. What are the prime factors of y(-21)?
113
Let t(d) = 33*d + 1. Let r be t(2). Suppose k + r = -3*l + l, k + 3*l = -66. Let y = -22 - k. What are the prime factors of y?
47
Suppose h + 4*h - 1485 = 0. Suppose -2*j = j - h. What are the prime factors of j?
3, 11
Suppose 7 = 3*p - 11. Suppose 2*k - p = 4. Suppose -176 = -k*w - 46. List the prime factors of w.
2, 13
Let q(x) = -119*x + 215. List the prime factors of q(-10).
5, 281
Let m(n) be the first derivative of 53*n**3/3 + n**2/2 + 2*n + 2. What are the prime factors of m(-1)?
2, 3
Let n = -60 + 64. What are the prime factors of (((-4082)/n)/(-13))/(2/4)?
157
Let n = -32 + 53. Let m be 1/(-5 - -4) - n. Let q = 24 + m. What are the prime factors of q?
2
Suppose 3*h - 5*h = -4*h. List the prime factors of (-2 + 0 - 0 - h)*-23.
2, 23
Let s(n) = 115*n**2 - 3*n. Let z be s(2). Let c = -313 + z. What are the prime factors of c?
3, 47
Suppose 109*b + 348 = 112*b. List the prime factors of b.
2, 29
Let d(h) = -11 + 4 + 1 + 4*h + h. Let b = 6 - 0. List the prime factors of d(b).
2, 3
Let r(a) = -2*a**2 + 2*a + 40. Let b = -6 - -6. List the prime factors of r(b).
2, 5
Let x be 14/8 - 15/(-60). Suppose a + x*a = -111. Let y = a + 49. List the prime factors of y.
2, 3
Let u(k) = 2*k**2 - 24*k - 54. List the prime factors of u(28).
2, 421
Suppose -n + 0 = -27. Suppose 4*d - 3*i - n = -11, 4*i = 0. Suppose 59 = -d*h + 191. List the prime factors of h.
3, 11
Let f(n) = -n**3 - 7*n**2 - 6*n - 19. Let k be 122/(-427) + (-2)/14*61. List the prime factors of f(k).
197
Let i = 1085 + -775. What are the prime factors of i?
2, 5, 31
Suppose -3095 = -4*d + 897. What are the prime factors of d?
2, 499
Let g(o) = -25*o - 13. Let l = -29 + 25. List the prime factors of g(l).
3, 29
Suppose 5*i = a + 2095, -a - 419 = -i - 0*a. Suppose 139 = -5*m + i. What are the prime factors of m?
2, 7
Let o be 2 + (2 - (0 + -1)). Let a = o - 6. List the prime factors of (-105)/5*a/3.
7
Let g(b) = b - 6*b**2 - b**2 + 9*b**2. Let p be g(1). Suppose 0 = -w + 1 - p